
Calculate (-6 - (0 + 2 + -13)) + (-16 + -20 - -15).
-16
Evaluate -4 - (-8 - (-35 + (-21 - -26))).
-26
What is -70 - (-12 - (5 - 7)) - (-41 + 43)?
-62
Calculate 52 - (3 - 0) - (75 + -134 - -40).
68
What is -156 + 223 + -91 + -12?
-36
Evaluate -9 + -16 - -16 - ((6 - -1) + (-22 - -92)).
-86
0 + -96 + -22693 + 22776
-13
(-79 - -4) + (-618 - -644) + -2 + -2
-53
Calculate 16 + -25 - (-26 - 8).
25
What is -1589 + 1597 - (18 + 1)?
-11
What is 13 + 1 - (-2 + 52 + (145 - 127))?
-54
Evaluate (0 - -5 - (5 + -3)) + (-394 + 239 - -165).
13
(-28 - -35) + (-16 - (1 + -14))
4
What is 24 + -362 + 298 - (-138 + 0)?
98
What is (79 - 91) + 1 + 91 - (0 + 2)?
78
0 - 0 - -67 - (-5094 - -5064)
97
Calculate 30 - ((13 - (32 + 11)) + 132).
-72
What is 20 + (55 - 7 - 28)?
40
Calculate (-53 - 26 - -36) + -10.
-53
What is the value of 8 + -5 + -49 - (10 + (-4 - (-1 + 9)))?
-44
(29 - 1) + -126 + 203 + -94
11
Calculate (291 + -285 - ((1 - 1) + 44)) + 1.
-37
Evaluate -19 - (11 + -1 + 3 + (-4 - 2) + 2).
-28
What is (-13 - (-4 - -8)) + -9 + (-13 - -3) - -1?
-35
What is the value of -8 + -45 + (-23 - -55 - 21)?
-42
Calculate (2 - 3 - -2) + -35 + 0 - (37219 + -37206).
-47
What is the value of (-9 - (53 - 52)) + -4?
-14
What is (-5 + -1 - 3 - 38) + (48 - 16) + -31?
-46
Calculate (-5460 - -5483) + (-8 - (-1 + 1)).
15
Evaluate (1 - 12 - 10) + -17 + 22.
-16
What is 3 - (23 - 0) - ((16 - 0) + -8)?
-28
What is the value of -36 + 32 + -39 - -66?
23
Calculate -24 + 31 + -19 + (-24 - -1).
-35
What is the value of -11 + (9 - (53 + -26)) + 89?
60
(-40 - (-13 + -45)) + 50
68
What is the value of (15 + -23 - (-27 - -12)) + -36 + -1?
-30
Calculate (0 - (2 + -2)) + 11 + 24 + -11 + -38.
-14
24 + 97 + -76 - 112
-67
Evaluate 43 - (-19 - -3 - (62 - 73)).
48
Evaluate 9 + (-1 - 40 - (56 + -21 + -37)).
-30
What is the value of -27 + 23 + -1 + 3 + -10?
-12
What is (-6 - 8 - (-17 + 1) - -38) + (3 - -2)?
45
(274 - (138 - 10)) + -56
90
3 + 41 + -29 + -9 + -65
-59
What is 0 + -6 + -10 - 13?
-29
Evaluate -221 + 215 + (-19 - -89).
64
What is -8 + (47 + -18 + -12 - (-1 + 48))?
-38
(24 - (26 - -5)) + 33 - 37
-11
Evaluate -49 - (3 + -17 - ((3 - (-7 + 16)) + 0)).
-41
What is the value of -52 + (-14 - (-13 + -25))?
-28
((0 + 6 - 11) + -7 - (-32 + -8)) + 4
32
Calculate 2 + -12 + (14 - 4) + (70 - -46).
116
What is 0 - 80 - (145 + -315 + 155)?
-65
Calculate 135 + -260 - -127 - 51.
-49
What is the value of 0 - (-80 + -2 + (-26 + 49 - 23))?
82
What is the value of -6 + (28 - -18) - (-57 + 15)?
82
Calculate 17 - 35 - (-20 + 0) - 20.
-18
Evaluate -17 + (22 - 36) + 16 + 21 + 125.
131
-16 + 13 + -6 - (50 + -7 - -15)
-67
203 - 0 - (-1120 - -1232)
91
0 + (2 - (1 - 2)) + (-99 - -233 - 103)
34
What is -57 + (50 - -9) + (2 - -44)?
48
(-67 - -53) + (-4 - (7 - 1 - 32))
8
(1 + -1 + (-4 - -5) - (-65 - -48)) + 9
27
Calculate 4 + 14 - 1 - (26 - 81).
72
Evaluate (-5 - (-1 - -98)) + (26 + -38 - -21).
-93
Calculate 2 - 5 - 1 - (-96 - -66 - -19).
7
Calculate 689 + -669 - (0 - -17) - 17.
-14
(105 - 121 - (-7 + 0)) + 5 + -24
-28
-8 + (-1 - 66) - -81
6
-4 - -4 - (-1 - 0) - (4636 - 4649)
14
(17 - 6) + 6 - (25 + (-1 - 7))
0
Calculate 20 + (-88 - -103) - (-6 + -1).
42
-95 + 20 + 25 + -4
-54
What is -14 + -17 + 21 + 36 + 11?
37
What is the value of -29 - (-36 - -18 - -17 - -15 - (0 + 4))?
-39
What is -8327 - -8344 - (-1 - -67)?
-49
What is the value of (-11821 - -11809) + 2 + 5 + -1 + -2 + 47?
39
What is the value of 1 + 2 + (14 - (-100 - -130))?
-13
Evaluate (-17 - (1 + 3)) + (59 + -40 - 1).
-3
Calculate (3 + -3 - (-25 + 46 + -28)) + 4 - 36.
-25
What is the value of 28 - 26 - (-93 - (3 - 0)) - (-16 + 8)?
106
What is -24 - (41 - 29) - (2 + -1)?
-37
What is the value of 61 + 26 + -97 - -97?
87
Calculate (-3 + -1 - -23) + (-29 - (-36 - 0)).
26
What is (-5 + -6 - (5 + 29)) + 15?
-30
(-1 - (0 - -5 - -22)) + 2 + -17
-43
What is 0 - (-37 - (-39 - -18))?
16
(54 - 138) + 154 - -13
83
What is the value of 8 + (-7 - -1 - (158 + -162)) - (-43 - 2)?
51
What is (37 - 32 - (-8 + 17)) + 9?
5
What is the value of 36 + (21 + -20 - 28)?
9
(-29 - 23) + (-44 - 10)
-106
Calculate 3 - (0 + 1 + -56 - (-42 + (238 - 196))).
58
39 + (-18 + -2 + -7 - -14)
26
Calculate -42 + 21 - (17 + -15 + -15) - 136.
-144
What is -38 + (45 - 0) + 23?
30
9 + (-19 - 1) - (134 - 107)
-38
(7 - 5 - -29) + (13 - (-30 + 30))
44
Calculate (48 - -110) + -119 + -76.
-37
Calculate 15 - (-11 - -4) - (2 - 11 - -1).
30
7 + -34 + 25 + 2 + 1 + 11 - -28
40
Calculate -6 - 49 - (-803 - -783) - (12 - (-2 + 1)).
-48
What is the value of 3 + -7 + 1 + (-5 - -16 - 25)?
-17
What is (-18 - (-39 + 70)) + 63?
14
What is (17 - 39) + 42 + 51?
71
Evaluate 70 + -49 + 89 - 49.
61
What is (-7 - 15) + 0 - ((12 + -2 - 9) + 8)?
-31
What is the value of -2 + -79 + 32 + -18 + -31 + 16?
-82
What is -18 - -2 - ((6 - (78 + -36)) + 3)?
17
What is -242 + 192 - (-28 + -11 + 12)?
-23
What is the value of 11 + (59 - 92) + 18?
-4
Evaluate (-90 - (8 + 2)) + -11 + (-9 - -10).
-110
What is the value of -2 + (102 - (45 - -17))?
38
What is the value of (31 - 0) + 3903 + -3912?
22
What is -16 + -22 - ((4 - 9) + 17 + -5 + -6)?
-39
Calculate (-552 - -349) + -3 + 158.
-48
Evaluate (12 + 23 + -32 - -17) + 34.
54
What is 51 + (-3 - -34 - (-99 - -184))?
-3
What is the value of -199 + 165 + -1 + 83 + (-1 - 2)?
45
Calculate 31 - -25 - (69 - 27).
14
Calculate -7 + (14 - 2) + -1 - (0 - -54).
-50
Evaluate 7 + 0 + 8 + (57 + -14 - 29).
29
(1 - -27) + -337 + 309
0
What is the value of 372 + -372 - (27 + 1 + -5 - (3 - 5))?
-25
Calculate (1 - -1) + 106 + (-196 - -65 - -150).
127
Evaluate (754 - 751) + (0 - 20 - 4 - (4 + -1)).
-24
What is the value of -45 - (20 + (-34 - 53))?
22
Evaluate -5 + -71 + 96 + 3 + -1.
22
What is 18 - ((-151 - -131) + -4 + 37)?
5
What is -67 + -1 + (-52 - (-151 - -87))?
-56
What is the value of 18 - (-22 + (28 - 38))?
50
What is the value of 6 + (17 - -83) + -37?
69
What is the value of -9 + 36 + -27 - (-5 + 11 - 0)?
-6
-1 - -56 - (-4033 - -4090) - (-133 + -1)
132
-68 - (-52 - 32 - -17)
-1
What is (9 + 4 - 15) + (43 - 25)?
16
Calculate 31 + 2 + -13 + -113 - (-4 - -20).
-109
Calculate 47 + 135 + -53 - 77.
52
Calculate -54 + 75 - -149 - 100.
70
What is the value of 7 - ((0 - -7) + -224 + 209 + -5)?
20
Calculate 18 + 1 - (134 - 128) - 18.
-5
What is -19 + -5 + 5 + 70 + -173 + 211?
89
What is 9 - (44 - (202 + -105))?
62
What is the value of 33 + (-5 + -46 - -14)?
-4
What is the value of -117 - -71 - -12 - 28?
-62
What is the value of 5059 - 5054 - (9 + (-1 - -1))?
-4
What is the value of -2 + 9 + (44 + -104 - 1)?
-54
What is -17 - -2 - (-35 + 27 + 15)?
-22
(-8 + -6 + 7 - (-15 - -2)) + -21 + -6
-21
Evaluate (35 - -15) + 290 + -323.
17
What is (11 + 1 - 15) + (-15 - (-4 - -10))?
-24
Evaluate -10 + 13 - -36 - (37 - (6 - -16)).
24
What is the value of 2421 - 2539 - (-137 + 2)?
17
Evaluate (26 + (3 + -6 - 22) - (45 + 0)) + 1.
-43
What is -1 - -110 - (-16060 - -16071)?
98
What is -3 + -5 + -3 - -7 - (-257 + 212)?
41
What is -28 + 4 + 5 - 4 - (-142 + 139)?
-20
(-14 - -3 - (-24 - 21)) + 8
42
Evaluate -7 - (3 - (2 + (115 - (-11 + (9 - -9))))).
100
Calculate 4 + (-2 + 7 - -11) + (-687 - -614).
-53
What is 50 + (0 - (1 + 13)) + 10?
46
Calculate -4032 - -3981 - (-6 + -1).
-44
What is -13 + -4 - (7 - ((9 - 9) + 7))?
-17
(-3 - (-2 - (1 + 1))) + (-424 - -468)
45
What is the value of 7 + 3 + (-20 + 5 - -12 - 1) + -36?
-30
Evaluate -4 + 18 + (-25 - 6) + 17.
0
Calculate -79 + -1 + 1 + (1 - 7 - (-28 + 33)).
-90
What is the value of 23 - (21 - 17) - 28 - ((-1 - 49) + 2)?
39
Evaluate (-2131 - -2142) + 13 + -2.
22
What is (46 - (11 - 0)) + -1 - (0 + 9)?
25
78 - 68 - (-3 - 13)
26
What is the value of -21 + (56 - (-3 + 10 + -4) - 3)?
29
(114 - 134) + -55 + 169
94
Calculate -5 + -5 + (17 - 11 - (3 + -9)) + -92.
-90
What is -11 + -14 + 16 - (36 + 22)?
-67
What is (7 - (7 - 8)) + 2 - (10 + (50 - 20))?
-30
Calculate (0 + 1 - 72) + (39 - 33) + 12 + -8.
-61
7 + 33 + -26 - (7 - -11)
-4
Calculate -12 + -2 - (-2 + 2 + (0 - 8)) - 31.
-37
What is -156 + 165 + (-3 - (-51 + 3) - 4)?
50
What is the value of -66 - (-11 - -9 - -4) - (-7 + 5)?
-66
What is the value of (3 - -16) + (-36 - (93 + -83))?
-27
Calculate -33 + 0 + (4 + 19 - 33).
-43
What is (660647 - 660660) + (-1 - -2) + (78 - (0 - -1))?
65
What is the value of 16 - 0 - ((12 - -32) + -49)?
21
(1 - 0) + (-21 